et t = 66 - w. Let b be k(t). Give f(b).
3
Let k(h) = -h + 21. Let q = 2104 + -2131. What is k(q)?
48
Suppose -11 = 1098*n - 1094*n - 5*d, -3*n - 5*d = -18. Let u(i) = 14*i**3 - 3*i**2 + 2*i. Determine u(n).
13
Let o(w) = 10*w - 645*w**2 - 4*w + 4 + 654*w**2. Let g(a) = -11*a**2 - 7*a - 5. Let c(q) = 4*g(q) + 5*o(q). What is c(-1)?
-1
Let j(w) be the second derivative of -16*w + 13/6*w**3 + 0 - 1/12*w**4 + 0*w**2 + 1/40*w**5. Let y(a) be the second derivative of j(a). Determine y(6).
16
Let m(i) = 12*i**2 - 3*i - 3. Let u(c) = -2*c**3 - c**2 + 4*c - 2. Let h be u(1). Let a be m(h). Let b(v) = -v**3 + 13*v**2 - 12*v - 9. What is b(a)?
-9
Let i be -3 + 7*15 - 0 - 3. Suppose -5*z + i = -11. Suppose -2*k = -m + 1 - 0, -z = 5*m - k. Let f(q) = q + 4. What is f(m)?
-1
Let a(x) = -9*x - 8. Suppose -283*h - 368 = -329*h. Determine a(h).
-80
Let m = 21 - 19. Let j(p) = 2*p. Let t be j(m). Let r(w) = 8*w + w - t*w + 2*w. Give r(1).
7
Let c(f) = -11*f + 27. Let d(v) = 6*v - 13. Let o(n) = 3*c(n) + 5*d(n). Suppose -75 = -19*a - m, 0*m = -3*a + 2*m + 14. Give o(a).
4
Let x(d) = -139 - 37 + 57 + 18*d. Calculate x(7).
7
Let z be 1*-1 - (-90)/10. Suppose 12 = -10*q - z. Let i = q - 4. Let c(s) = s**3 + 6*s**2 + s. Calculate c(i).
-6
Let a(l) = l**3 - 9*l**2 - 6*l + 12. Suppose -3*f - 3*z + 63 = -6*z, 0 = -4*f - 2*z + 66. Suppose 8*m - 6*m - f = 0. Give a(m).
-42
Let j(b) = 122*b - 3 - 362*b - b**3 - 4*b**2 + 121*b + 114*b. Let v(t) = 15*t + 162. Let h be v(-11). Determine j(h).
3
Let d(u) = 32 + u + 13 - 21 - 24. Suppose 0 = 2*q + 2, 2*k + 3*k - q + 24 = 0. What is d(k)?
-5
Let l(w) = -8*w**2 + 11*w - 3. Let u(y) = -14*y**2 + 23*y - 6. Let b(h) = 5*l(h) - 3*u(h). Give b(7).
3
Let v(k) = 3*k + 13. Let j(u) = 2*u + 9. Let c(q) = -7*j(q) + 5*v(q). Let w = 19788 - 19799. Calculate c(w).
-9
Let k(z) = -z**2 + 18*z - 79. Let n(l) = -39*l + 4416. Let d be n(113). What is k(d)?
2
Let g(b) be the second derivative of -5*b**4/12 + 23*b**3/3 + 17*b**2 - 5007*b. Determine g(10).
-6
Let o(u) = 39*u**2 - 41*u**2 - 11 + 10. Let z be o(0). Let y(g) = -25*g**3 - 1. What is y(z)?
24
Suppose 588 = 149*z - 147*z. Let v = -295 + z. Let i(l) = 27*l + 5. Let r(c) = -418*c - 77. Let b(k) = -77*i(k) - 5*r(k). Determine b(v).
-11
Let o(b) = -4*b - 7. Let n be (-5)/10 + (-9)/(-2). Suppose 2*d - s - 3*s - 8 = 0, n = -s. Calculate o(d).
9
Let a(g) = 7*g - 4. Let f = 100 - 92. Let m(h) = -50 - 39 + f + 3*h - 8. Let b be m(31). What is a(b)?
24
Let q(c) = 37*c - 94*c + 35*c + 62 + 29*c - 60. Let m(r) = 2*r**2 + 6*r - 1. Let b be m(-3). Give q(b).
-5
Let f(w) be the third derivative of w**5/60 - 5*w**4/24 + w**3 + 762*w**2 + 2. Let l(n) = 5*n**2 + n - 1. Let m = -4 + 5. Let z be l(m). Give f(z).
6
Let q(p) = 3*p**2 - 5*p + 6. Let g be (-9)/(-15)*15*10/30. Calculate q(g).
18
Let r(g) = g**2 + 3*g + 32. Let o(b) = -b**2 - 4*b - 36. Let h(n) = 6*o(n) + 7*r(n). Let v = -8 - -15. Give h(v).
36
Let m(x) = 15*x**2 + x. Let k(t) = -44*t**2 + 4*t + 1. Let p(n) = k(n) + 3*m(n). What is p(-12)?
61
Let n(z) = 43*z**2 + 86*z - 7. Let c(u) = -7*u**2 - 13*u + 1. Let o(a) = -13*c(a) - 2*n(a). Give o(-1).
9
Let q(o) = -o**3 - 5*o**2 - 6*o + 13. Let t = -4144 + 4138. Determine q(t).
85
Let b(f) be the second derivative of f**3/3 - f**2/2 + 2*f. Let y(v) = 12*v - 8. Let c(o) = 8*b(o) - y(o). Calculate c(5).
20
Let d(m) = -m**3 - 2*m**2 + 4*m + 2. Let a be d(-3). Let l(t) = 5*t**2 + 230*t + 1. Let g(h) = 3*h**2 + 192*h + 1. Let f(b) = -6*g(b) + 5*l(b). What is f(a)?
8
Let u be -5 - 0 - 6/(-3). Let x(k) be the second derivative of -k**2 + 1/20*k**5 - 61*k + 1/4*k**4 + 0 + 0*k**3. Give x(u).
-2
Let j(s) = -3*s + 29. Let d(u) = 3*u - 28. Let i(w) = 5*d(w) + 6*j(w). Let v be i(10). Let c(q) = -q - 3*q + q + 4. Determine c(v).
-8
Suppose 284*w + 323*w - 735 = 479. Let b(l) be the first derivative of w*l - 1/2*l**2 - l**3 - 1/4*l**4 - 24. Give b(-2).
0
Suppose -8 + 4 = 4*i. Let n be 3 - (-12)/4 - i. Let c(b) = 58*b**2 - 8*b - 9*b**2 - 1 - 48*b**2. Determine c(n).
-8
Let q(t) = -t**2 + 3*t - 5. Let x = 70 - 77. Let s(d) = d**2 - 2*d + 7. Let k(l) = x*q(l) - 6*s(l). Give k(9).
-7
Let t(h) = h + 11. Let a(p) = -2*p - 21 + p - 6*p + 2*p. Let m be a(-5). Suppose -2*u = -q - 0*u, -6 = -q + m*u. Give t(q).
5
Let y(j) be the second derivative of j**4/6 - 7*j**3/6 + 4*j**2 + j. Let x(d) = -1109*d + 21073. Let u be x(19). Calculate y(u).
2
Let c(t) = 173 + 41 - 4 + 27*t. Give c(-8).
-6
Let o(p) be the first derivative of 3*p**2/2 + 19*p - 3020. Determine o(6).
37
Let s(r) = -272 - 3*r**2 - 245 + 726 - 254 - 12*r - 13*r. Give s(-6).
-3
Let f(l) = -8 - 267*l**2 + 62*l**2 - 7*l - 2*l**3 + 60*l**2 + 69*l**2 + 65*l**2. Give f(-4).
-28
Let s(v) = -v**3 + 11*v**2 - 17*v + 20. Suppose -28868 = 10*d - 28968. Calculate s(d).
-50
Let w(o) = o**3 + o**2 + 13. Let u(y) = -13*y - 33. Let a be u(-6). Let c = -49 + 94. Let z = a - c. What is w(z)?
13
Suppose 16*g + 408 = 376. Let p(b) = 5*b - 5. What is p(g)?
-15
Suppose 108*f = 106*f + 66. Suppose h = -f + 33. Let m(n) be the third derivative of -n**4/24 - 2*n**3/3 - 2*n**2. Determine m(h).
-4
Let p(a) = 9*a. Let f(k) be the first derivative of 10*k**3/3 - 42*k - 22. Let v(u) be the first derivative of f(u). Let w(b) = 9*p(b) - 4*v(b). Determine w(5).
5
Let i(k) = -9*k**2 - k + 2. Suppose 0 = -490*t + 475*t - 45. Give i(t).
-76
Let k(g) be the third derivative of 5*g**4/24 + 10*g**3/3 + 4*g**2 - g + 34. Determine k(-4).
0
Let l(b) = -410*b**2 - 18*b - 13. Let m(t) = -137*t**2 - 7*t - 5. Let q(f) = -3*l(f) + 8*m(f). Determine q(1).
131
Suppose -a - 3*j + 2 = 0, -2*a - 2*j - 22 = 2*a. Let l(m) = -1177*m + m**3 + 6*m**2 - 1203*m + 10 + 2376*m. What is l(a)?
-11
Let r(t) be the third derivative of t**4/24 - 5*t**3/3 + 3*t**2 + 4*t. Let d be (-7)/((-7)/(-2)) + 12. Calculate r(d).
0
Let z(o) = 4 + 4*o**2 - 3*o**2 - 2 - 2*o. Let t(m) = -m**2 + 33*m - 136. Let j be t(28). Suppose 0 = -10*r + 26 + j. Give z(r).
5
Let f(i) = -i**2 + 14*i - 17. Let y be f(13). Let k be (-880)/154 + y/14. Let a(b) = -b**2 - 6*b - 3. Calculate a(k).
-3
Suppose a = 6*a. Let n be 4 - -6 - (a/(-3))/2. Let z(b) = 0*b**2 + n + 4*b + b**2 - 12. Give z(-5).
3
Suppose 0 = -4*p + 7 + 25. Suppose 3 = p*f - 21. Let w(m) = -m**2 + 3. What is w(f)?
-6
Let v(u) = -u**2 + 10*u + 13. Let s be v(11). Let y(z) = -z - z**3 + 0 + 3*z**3 - 2*z**2 - 2 + 0. Determine y(s).
4
Suppose 2*z = -0 + 4. Let l be (-3)/2*-1*z. Let c be (5/(-2))/(-2*l/12). Let m(w) = w**2 - 5*w - 5. Determine m(c).
-5
Suppose 0 = 50*n - 60*n + 60. Let m(z) = 78*z + 3 - 2 - 80*z. What is m(n)?
-11
Let g(c) = -2*c + 3. Let r(j) = -8*j + 10. Let s(t) = -22*g(t) + 6*r(t). Suppose 5 = z - 6. Let x = -15 + z. Calculate s(x).
10
Let c(f) be the second derivative of -f**5/20 - 29*f**4/12 - 9*f**3/2 - 1255*f - 1. Give c(-28).
-28
Let g(a) be the second derivative of -3*a**3/2 - 19*a**2/2 + 2*a - 238. What is g(-3)?
8
Let a(t) = -3*t - 6. Let k be a(-3). Suppose -k*b + 17 = 230. Let m = -80 - b. Let x(h) = -h + 1. What is x(m)?
10
Let t(i) be the second derivative of 7*i**3/6 - 17*i**2 - 866*i. What is t(6)?
8
Let g(s) = -5194 + 2*s - 5214 + 10405. Suppose 0*p + 2*p = 6. Give g(p).
3
Let z(b) be the first derivative of -b + 27 - 5/2*b**2. Calculate z(1).
-6
Let u = -62 - -67. Suppose u*y = -31 + 46. Let l(v) be the first derivative of v**4/4 - 2*v**3/3 - 2*v + 5. Calculate l(y).
7
Suppose 4*k = -2*s + 24 + 10, 3*s - 11 = 2*k. Let u(r) = 91*r - 184*r + 92*r - s. Let g be (21/14)/(2/(-12)). Give u(g).
2
Let v = -150 + 145. Let p be v/((-55)/2) - 1024/(-176). Let m(z) = 5 - 3*z + 3*z - 4*z. Determine m(p).
-19
Let l(p) = 2*p - 8. Let z(k) = -2*k + 2*k - 11 + 3*k - 4 + 9. Let a(n) = -3*l(n) + 4*z(n). Give a(2).
12
Let u(s) = 2*s**2 + 28*s + 15. Let k(b) = b**2 + 45*b + 437. Let w be k(-30). Give u(w).
-11
Let v(x) = 4*x - 17. Let d(w) be the first derivative of 3*w**2/2 - 14*w - 84. Let u(l) = 6*d(l) - 5*v(l). Let h be 5/2 + 1/2. What is u(h)?
-5
Let v(s) = s + 5. Let b = -45 + 47. Suppose 0 = -r - j - 12 + 11, b = 5*r - 2*j. Determine v(r).
5
Let h = 168 + -181. Let s = h - -11. Let j(n) = 2*n**3 + 3*n**2 + 2*n - 1. Calculate j(s).
-9
Suppose 0 = -n - p + 5, 2*n + 2*p = -n + 12. Let m(x) = -2*x**3 + 7*x - 61*x**2 - 8 + n*x + x**3 + 66*x**2. Determine m(6).
10
Let c(q) = 6*q + 